{"id":20,"date":"2020-10-08T17:43:23","date_gmt":"2020-10-08T15:43:23","guid":{"rendered":"http:\/\/www.mrbakers.de\/?page_id=20"},"modified":"2020-10-08T17:43:23","modified_gmt":"2020-10-08T15:43:23","slug":"impressum","status":"publish","type":"page","link":"https:\/\/www.mrbakers.de\/?page_id=20","title":{"rendered":"Impressum"},"content":{"rendered":"<p><span class=\"ms10schwarz1\"><b>1. Inhalt des Onlineangebotes<\/b><\/span><br \/>\n<span class=\"ms10schwarz1\">Der Autor \u00fcbernimmt keinerlei Gew\u00e4hr f\u00fcr die Aktualit\u00e4t, Korrektheit, Vollst\u00e4ndigkeit oder Qualit\u00e4t der bereitgestellten Informationen. Haftungsanspr\u00fcche gegen den Autor, welche sich auf Sch\u00e4den materieller oder ideeller Art beziehen, die durch die Nutzung oder Nichtnutzung der dargebotenen Informationen bzw. durch die Nutzung fehlerhafter und unvollst\u00e4ndiger Informationen verursacht wurden sind grunds\u00e4tzlich ausgeschlossen, sofern seitens des Autors kein nachweislich vors\u00e4tzliches oder grob fahrl\u00e4ssiges Verschulden vorliegt.\u00a0<\/span><br \/>\n<span class=\"ms10schwarz1\">Alle Angebote sind freibleibend und unverbindlich. Der Autor beh\u00e4lt es sich ausdr\u00fccklich vor, Teile der Seiten oder das gesamte Angebot ohne gesonderte Ank\u00fcndigung zu ver\u00e4ndern, zu erg\u00e4nzen, zu l\u00f6schen oder die Ver\u00f6ffentlichung zeitweise oder endg\u00fcltig einzustellen.<\/span><\/p>\n<p><span class=\"ms10schwarz1\"><b>2. Verweise und Links<\/b><\/span><br \/>\n<span class=\"ms10schwarz1\">Bei direkten oder indirekten Verweisen auf fremde Internetseiten (&#8222;Links&#8220;), die au\u00dferhalb des Verantwortungsbereiches des Autors liegen, w\u00fcrde eine Haftungsverpflichtung ausschlie\u00dflich in dem Fall in Kraft treten, in dem der Autor von den Inhalten Kenntnis hat und es ihm technisch m\u00f6glich und zumutbar w\u00e4re, die Nutzung im Falle rechtswidriger Inhalte zu verhindern.\u00a0<\/span><br \/>\n<span class=\"ms10schwarz1\">Der Autor erkl\u00e4rt hiermit ausdr\u00fccklich, dass zum Zeitpunkt der Linksetzung keine illegalen Inhalte auf den zu verlinkenden Seiten erkennbar waren. Auf die aktuelle und zuk\u00fcnftige Gestaltung, die Inhalte oder die Urheberschaft der gelinkten\/verkn\u00fcpften Seiten hat der Autor keinerlei Einfluss. Deshalb distanziert er sich hiermit ausdr\u00fccklich von allen Inhalten aller gelinkten \/verkn\u00fcpften Seiten, die nach der Linksetzung ver\u00e4ndert wurden. Diese Feststellung gilt f\u00fcr alle innerhalb des eigenen Internetangebotes gesetzten Links und Verweise sowie f\u00fcr Fremdeintr\u00e4ge in vom Autor eingerichteten G\u00e4steb\u00fcchern, Diskussionsforen und Mailinglisten. F\u00fcr illegale, fehlerhafte oder unvollst\u00e4ndige Inhalte und insbesondere f\u00fcr Sch\u00e4den, die aus der Nutzung oder Nichtnutzung solcherart dargebotener Informationen entstehen, haftet allein der Anbieter der Seite, auf welche verwiesen wurde, nicht derjenige, der \u00fcber Links auf die jeweilige Ver\u00f6ffentlichung lediglich verweist.\u00a0<\/span><\/p>\n<p><span class=\"ms10schwarz1\"><b>3. Urheber- und Kennzeichenrecht<\/b><\/span><br \/>\n<span class=\"ms10schwarz1\">Der Autor ist bestrebt, in allen Publikationen die Urheberrechte der verwendeten Grafiken, Tondokumente, Videosequenzen und Texte zu beachten, von ihm selbst erstellte Grafiken, Tondokumente, Videosequenzen und Texte zu nutzen oder auf lizenzfreie Grafiken, Tondokumente, Videosequenzen und Texte zur\u00fcckzugreifen.\u00a0<\/span><br \/>\n<span class=\"ms10schwarz1\">Alle innerhalb des Internetangebotes genannten und ggf. durch Dritte gesch\u00fctzten Marken- und Warenzeichen unterliegen uneingeschr\u00e4nkt den Bestimmungen des jeweils g\u00fcltigen Kennzeichenrechts und den Besitzrechten der jeweiligen eingetragenen Eigent\u00fcmer. Allein aufgrund der blo\u00dfen Nennung ist nicht der Schlu\u00df zu ziehen, dass Markenzeichen nicht durch Rechte Dritter gesch\u00fctzt sind!\u00a0<\/span><br \/>\n<span class=\"ms10schwarz1\">Das Copyright f\u00fcr ver\u00f6ffentlichte, vom Autor selbst erstellte Objekte bleibt allein beim Autor der Seiten. Eine Vervielf\u00e4ltigung oder Verwendung solcher Grafiken, Tondokumente, Videosequenzen und Texte in anderen elektronischen oder gedruckten Publikationen ist ohne ausdr\u00fcckliche Zustimmung des Autors nicht gestattet.\u00a0<\/span><\/p>\n<p><span class=\"ms10schwarz1\"><b>4. Datenschutz<\/b><\/span><b><br \/>\n<\/b><span class=\"ms10schwarz1\">Sofern innerhalb des Internetangebotes die M\u00f6glichkeit zur Eingabe pers\u00f6nlicher oder gesch\u00e4ftlicher Daten (Emailadressen, Namen, Anschriften) besteht, so erfolgt die Preisgabe dieser Daten seitens des Nutzers auf ausdr\u00fccklich freiwilliger Basis. Die Inanspruchnahme und Bezahlung aller angebotenen Dienste ist &#8211; soweit technisch m\u00f6glich und zumutbar &#8211; auch ohne Angabe solcher Daten bzw. unter Angabe anonymisierter Daten oder eines Pseudonyms gestattet.\u00a0<\/span><\/p>\n<p><span class=\"ms10schwarz1\"><b>5. Rechtswirksamkeit dieses Haftungsausschlusses<\/b><\/span><b><br \/>\n<\/b><span class=\"ms10schwarz1\">Dieser Haftungsausschluss ist als Teil des Internetangebotes zu betrachten, von dem aus auf diese Seite verwiesen wurde. Sofern Teile oder einzelne Formulierungen dieses Textes der geltenden Rechtslage nicht, nicht mehr oder nicht vollst\u00e4ndig entsprechen sollten, bleiben die \u00fcbrigen Teile des Dokumentes in ihrem Inhalt und ihrer G\u00fcltigkeit davon unber\u00fchrt.<\/span><\/p>\n","protected":false},"excerpt":{"rendered":"<p>1. Inhalt des Onlineangebotes Der Autor \u00fcbernimmt keinerlei Gew\u00e4hr f\u00fcr die Aktualit\u00e4t, Korrektheit, Vollst\u00e4ndigkeit oder Qualit\u00e4t der bereitgestellten Informationen. Haftungsanspr\u00fcche gegen den Autor, welche sich auf Sch\u00e4den&hellip; <span class=\"read-more\"><a class=\"more-link\" href=\"https:\/\/www.mrbakers.de\/?page_id=20\" rel=\"bookmark\"><span class=\"screen-reader-text\">&#8222;Impressum&#8220;<\/span> weiterlesen<\/a><\/span><\/p>\n","protected":false},"author":1,"featured_media":0,"parent":0,"menu_order":0,"comment_status":"closed","ping_status":"closed","template":"","meta":{"advanced_seo_description":"","spay_email":""},"jetpack_sharing_enabled":true,"jetpack_shortlink":"https:\/\/wp.me\/P9EKlV-k","jetpack_likes_enabled":true,"jetpack-related-posts":[{"id":106,"url":"https:\/\/www.mrbakers.de\/?page_id=106","url_meta":{"origin":20,"position":0},"title":"Direct Trade Coffee","date":"8. Oktober 2020","format":false,"excerpt":"Das Direct Trade Prinzip: Wir beziehen unseren Caf\u00e9 direkt von der Murnauer Kaffeer\u00f6sterei - diese beziehen den Caf\u00e9 von den Kaffeebauern, kleinen Kooperativen oder von Organisationen, die au\u00dfer auf eine faire Entlohnung der Bauern zus\u00e4tzlich z.B. die Infrastruktur in der Umgebung der Kaffeebauern f\u00f6rdern, Schulen bauen, den Kaffeeanbau nachhaltig gestalten,\u2026","rel":"","context":"\u00c4hnlicher Beitrag","img":{"alt_text":"","src":"https:\/\/i2.wp.com\/www.mrbakers.de\/wp-content\/uploads\/2020\/09\/kaffeebohnen.png?fit=1200%2C834&ssl=1&resize=350%2C200","width":350,"height":200},"classes":[]},{"id":27,"url":"https:\/\/www.mrbakers.de\/?page_id=27","url_meta":{"origin":20,"position":1},"title":"Kontakt","date":"1. Dezember 2017","format":false,"excerpt":"\u00d6ffnungszeiten: Dienstag \u2013 Freitag 08:30 bis 17:00 Uhr Samstag \u2013 Sonntag 10:00 bis 17:00 Uhr Montag geschlossen Anschrift: Steinstra\u00dfe 12 - 81667 M\u00fcnchen Telefon: 089\/37068136 Email:\u00a0\u00a0 dorothea.sigel[at]icloud.com Instagram Mr. Bakers Coffee House Sie finden uns in der N\u00e4he vom Wiener Platz\/Max-Weber-Platz:","rel":"","context":"\u00c4hnlicher Beitrag","img":{"alt_text":"","src":"https:\/\/i1.wp.com\/www.mrbakers.de\/wp-content\/uploads\/2020\/09\/kaffemaschine.png?fit=1200%2C796&ssl=1&resize=350%2C200","width":350,"height":200},"classes":[]},{"id":24,"url":"https:\/\/www.mrbakers.de\/?page_id=24","url_meta":{"origin":20,"position":2},"title":"Angebot","date":"1. Dezember 2017","format":false,"excerpt":"... unser Angebot findet Ihr bei uns in Mr. Bakers Coffeehouse! Wir freuen uns auf euch! Hier finden Sie die Liste mit den Allergen: Allergenkarte","rel":"","context":"\u00c4hnlicher Beitrag","img":{"alt_text":"","src":"https:\/\/i0.wp.com\/www.mrbakers.de\/wp-content\/uploads\/2017\/12\/kaffeebohnen.jpg?fit=1200%2C800&ssl=1&resize=350%2C200","width":350,"height":200},"classes":[]},{"id":2,"url":"https:\/\/www.mrbakers.de\/","url_meta":{"origin":20,"position":3},"title":"Mr. Baker\u2019s Coffee House Dienstag\u2026","date":"1. Dezember 2017","format":false,"excerpt":"Mr. Baker\u2019s Coffee House Dienstag bis Freitag 8:30 - 17:00 Uhr Samstag 10:00 - 17:00 Uhr Montag\/ Sonntag geschlossen Ein franz\u00f6sisches Caf\u00e9 in Haidhausen Hausgemachte, frisch gebackene Kuchen - \u00a0Franz\u00f6sische Croissants - Fr\u00fchst\u00fccke, Brunch - Grilltoasts, Trammezzini - hausgemachte Quiche - ... Kaffee (Direct Trade) - Tee - frisch gepresste\u2026","rel":"","context":"\u00c4hnlicher Beitrag","img":{"alt_text":"","src":"https:\/\/i2.wp.com\/www.mrbakers.de\/wp-content\/uploads\/2020\/09\/coffee.png?fit=1200%2C798&ssl=1&resize=350%2C200","width":350,"height":200},"classes":[]}],"_links":{"self":[{"href":"https:\/\/www.mrbakers.de\/index.php?rest_route=\/wp\/v2\/pages\/20"}],"collection":[{"href":"https:\/\/www.mrbakers.de\/index.php?rest_route=\/wp\/v2\/pages"}],"about":[{"href":"https:\/\/www.mrbakers.de\/index.php?rest_route=\/wp\/v2\/types\/page"}],"author":[{"embeddable":true,"href":"https:\/\/www.mrbakers.de\/index.php?rest_route=\/wp\/v2\/users\/1"}],"replies":[{"embeddable":true,"href":"https:\/\/www.mrbakers.de\/index.php?rest_route=%2Fwp%2Fv2%2Fcomments&post=20"}],"version-history":[{"count":2,"href":"https:\/\/www.mrbakers.de\/index.php?rest_route=\/wp\/v2\/pages\/20\/revisions"}],"predecessor-version":[{"id":125,"href":"https:\/\/www.mrbakers.de\/index.php?rest_route=\/wp\/v2\/pages\/20\/revisions\/125"}],"wp:attachment":[{"href":"https:\/\/www.mrbakers.de\/index.php?rest_route=%2Fwp%2Fv2%2Fmedia&parent=20"}],"curies":[{"name":"wp","href":"https:\/\/api.w.org\/{rel}","templated":true}]}}

<p><span class="ms10schwarz1"><b>1. Inhalt des Onlineangebotes</b></span><br />
<span class="ms10schwarz1">Der Autor übernimmt keinerlei Gewähr für die Aktualität, Korrektheit, Vollständigkeit oder Qualität der bereitgestellten Informationen. Haftungsansprüche gegen den Autor, welche sich auf Schäden materieller oder ideeller Art beziehen, die durch die Nutzung oder Nichtnutzung der dargebotenen Informationen bzw. durch die Nutzung fehlerhafter und unvollständiger Informationen verursacht wurden sind grundsätzlich ausgeschlossen, sofern seitens des Autors kein nachweislich vorsätzliches oder grob fahrlässiges Verschulden vorliegt. </span><br />
<span class="ms10schwarz1">Alle Angebote sind freibleibend und unverbindlich. Der Autor behält es sich ausdrücklich vor, Teile der Seiten oder das gesamte Angebot ohne gesonderte Ankündigung zu verändern, zu ergänzen, zu löschen oder die Veröffentlichung zeitweise oder endgültig einzustellen.</span></p>
<p><span class="ms10schwarz1"><b>2. Verweise und Links</b></span><br />
<span class="ms10schwarz1">Bei direkten oder indirekten Verweisen auf fremde Internetseiten (&#8222;Links&#8220;), die außerhalb des Verantwortungsbereiches des Autors liegen, würde eine Haftungsverpflichtung ausschließlich in dem Fall in Kraft treten, in dem der Autor von den Inhalten Kenntnis hat und es ihm technisch möglich und zumutbar wäre, die Nutzung im Falle rechtswidriger Inhalte zu verhindern. </span><br />
<span class="ms10schwarz1">Der Autor erklärt hiermit ausdrücklich, dass zum Zeitpunkt der Linksetzung keine illegalen Inhalte auf den zu verlinkenden Seiten erkennbar waren. Auf die aktuelle und zukünftige Gestaltung, die Inhalte oder die Urheberschaft der gelinkten/verknüpften Seiten hat der Autor keinerlei Einfluss. Deshalb distanziert er sich hiermit ausdrücklich von allen Inhalten aller gelinkten /verknüpften Seiten, die nach der Linksetzung verändert wurden. Diese Feststellung gilt für alle innerhalb des eigenen Internetangebotes gesetzten Links und Verweise sowie für Fremdeinträge in vom Autor eingerichteten Gästebüchern, Diskussionsforen und Mailinglisten. Für illegale, fehlerhafte oder unvollständige Inhalte und insbesondere für Schäden, die aus der Nutzung oder Nichtnutzung solcherart dargebotener Informationen entstehen, haftet allein der Anbieter der Seite, auf welche verwiesen wurde, nicht derjenige, der über Links auf die jeweilige Veröffentlichung lediglich verweist. </span></p>
<p><span class="ms10schwarz1"><b>3. Urheber- und Kennzeichenrecht</b></span><br />
<span class="ms10schwarz1">Der Autor ist bestrebt, in allen Publikationen die Urheberrechte der verwendeten Grafiken, Tondokumente, Videosequenzen und Texte zu beachten, von ihm selbst erstellte Grafiken, Tondokumente, Videosequenzen und Texte zu nutzen oder auf lizenzfreie Grafiken, Tondokumente, Videosequenzen und Texte zurückzugreifen. </span><br />
<span class="ms10schwarz1">Alle innerhalb des Internetangebotes genannten und ggf. durch Dritte geschützten Marken- und Warenzeichen unterliegen uneingeschränkt den Bestimmungen des jeweils gültigen Kennzeichenrechts und den Besitzrechten der jeweiligen eingetragenen Eigentümer. Allein aufgrund der bloßen Nennung ist nicht der Schluß zu ziehen, dass Markenzeichen nicht durch Rechte Dritter geschützt sind! </span><br />
<span class="ms10schwarz1">Das Copyright für veröffentlichte, vom Autor selbst erstellte Objekte bleibt allein beim Autor der Seiten. Eine Vervielfältigung oder Verwendung solcher Grafiken, Tondokumente, Videosequenzen und Texte in anderen elektronischen oder gedruckten Publikationen ist ohne ausdrückliche Zustimmung des Autors nicht gestattet. </span></p>
<p><span class="ms10schwarz1"><b>4. Datenschutz</b></span><b><br />
</b><span class="ms10schwarz1">Sofern innerhalb des Internetangebotes die Möglichkeit zur Eingabe persönlicher oder geschäftlicher Daten (Emailadressen, Namen, Anschriften) besteht, so erfolgt die Preisgabe dieser Daten seitens des Nutzers auf ausdrücklich freiwilliger Basis. Die Inanspruchnahme und Bezahlung aller angebotenen Dienste ist &#8211; soweit technisch möglich und zumutbar &#8211; auch ohne Angabe solcher Daten bzw. unter Angabe anonymisierter Daten oder eines Pseudonyms gestattet. </span></p>
<p><span class="ms10schwarz1"><b>5. Rechtswirksamkeit dieses Haftungsausschlusses</b></span><b><br />
</b><span class="ms10schwarz1">Dieser Haftungsausschluss ist als Teil des Internetangebotes zu betrachten, von dem aus auf diese Seite verwiesen wurde. Sofern Teile oder einzelne Formulierungen dieses Textes der geltenden Rechtslage nicht, nicht mehr oder nicht vollständig entsprechen sollten, bleiben die übrigen Teile des Dokumentes in ihrem Inhalt und ihrer Gültigkeit davon unberührt.</span></p>

<p>1. Inhalt des Onlineangebotes Der Autor übernimmt keinerlei Gewähr für die Aktualität, Korrektheit, Vollständigkeit oder Qualität der bereitgestellten Informationen. Haftungsansprüche gegen den Autor, welche sich auf Schäden&hellip; <span class="read-more"><a class="more-link" href="https://www.mrbakers.de/?page_id=20" rel="bookmark"><span class="screen-reader-text">&#8222;Impressum&#8220;</span> weiterlesen</a></span></p>

Das Direct Trade Prinzip: Wir beziehen unseren Café direkt von der Murnauer Kaffeerösterei - diese beziehen den Café von den Kaffeebauern, kleinen Kooperativen oder von Organisationen, die außer auf eine faire Entlohnung der Bauern zusätzlich z.B. die Infrastruktur in der Umgebung der Kaffeebauern fördern, Schulen bauen, den Kaffeeanbau nachhaltig gestalten,…

Ähnlicher Beitrag

Öffnungszeiten: Dienstag – Freitag 08:30 bis 17:00 Uhr Samstag – Sonntag 10:00 bis 17:00 Uhr Montag geschlossen Anschrift: Steinstraße 12 - 81667 München Telefon: 089/37068136 Email:   dorothea.sigel[at]icloud.com Instagram Mr. Bakers Coffee House Sie finden uns in der Nähe vom Wiener Platz/Max-Weber-Platz:

Mr. Baker’s Coffee House Dienstag bis Freitag 8:30 - 17:00 Uhr Samstag 10:00 - 17:00 Uhr Montag/ Sonntag geschlossen Ein französisches Café in Haidhausen Hausgemachte, frisch gebackene Kuchen -  Französische Croissants - Frühstücke, Brunch - Grilltoasts, Trammezzini - hausgemachte Quiche - ... Kaffee (Direct Trade) - Tee - frisch gepresste…
