{"id":27,"date":"2017-12-01T05:55:37","date_gmt":"2017-12-01T04:55:37","guid":{"rendered":"http:\/\/www.mrbakers.de\/?page_id=27"},"modified":"2024-03-01T12:17:18","modified_gmt":"2024-03-01T11:17:18","slug":"so-finden-sie-uns","status":"publish","type":"page","link":"https:\/\/www.mrbakers.de\/?page_id=27","title":{"rendered":"Kontakt"},"content":{"rendered":"<h5><i class=\"fa fa-calendar\"><\/i> \u00d6ffnungszeiten:<\/h5>\n<p>Dienstag \u2013 Freitag 08:30 bis 17:00 Uhr<\/p>\n<p>Samstag \u2013 Sonntag 10:00 bis 17:00 Uhr<\/p>\n<p>Montag geschlossen<\/p>\n<h5><i class=\"fa fa-location-arrow\"><\/i> Anschrift:<\/h5>\n<p>Steinstra\u00dfe 12 &#8211; 81667 M\u00fcnchen<\/p>\n<p>Telefon: 089\/37068136<\/p>\n<p>Email:\u00a0\u00a0 dorothea.sigel[at]icloud.com<\/p>\n<p><a href=\"https:\/\/www.instagram.com\/mr.bakers.coffeehouse\/\">Instagram Mr. Bakers Coffee House<\/a><\/p>\n<p>Sie finden uns in der N\u00e4he vom Wiener Platz\/Max-Weber-Platz:<\/p>\n<p><iframe loading=\"lazy\" style=\"border: 0;\" src=\"https:\/\/www.google.com\/maps\/embed?pb=!1m18!1m12!1m3!1d2662.792784328201!2d11.593648815844222!3d48.133519359422266!2m3!1f0!2f0!3f0!3m2!1i1024!2i768!4f13.1!3m3!1m2!1s0x479e75808e6524cd%3A0x63fc9d2aec28a752!2sSteinstra%C3%9Fe+12%2C+81667+M%C3%BCnchen%2C+Germany!5e0!3m2!1sen!2sus!4v1512104180554\" width=\"600\" height=\"450\" frameborder=\"0\" allowfullscreen=\"allowfullscreen\"><\/iframe><\/p>\n","protected":false},"excerpt":{"rendered":"<p>\u00d6ffnungszeiten: Dienstag \u2013 Freitag 08:30 bis 17:00 Uhr Samstag \u2013 Sonntag 10:00 bis 17:00 Uhr Montag geschlossen Anschrift: Steinstra\u00dfe 12 &#8211; 81667 M\u00fcnchen Telefon: 089\/37068136 Email:\u00a0\u00a0 dorothea.sigel[at]icloud.com&hellip; <span class=\"read-more\"><a class=\"more-link\" href=\"https:\/\/www.mrbakers.de\/?page_id=27\" rel=\"bookmark\"><span class=\"screen-reader-text\">&#8222;Kontakt&#8220;<\/span> weiterlesen<\/a><\/span><\/p>\n","protected":false},"author":1,"featured_media":92,"parent":0,"menu_order":0,"comment_status":"closed","ping_status":"closed","template":"","meta":{"advanced_seo_description":"","spay_email":""},"jetpack_sharing_enabled":true,"jetpack_shortlink":"https:\/\/wp.me\/P9EKlV-r","jetpack_likes_enabled":true,"jetpack-related-posts":[{"id":2,"url":"https:\/\/www.mrbakers.de\/","url_meta":{"origin":27,"position":0},"title":"Mr. Baker\u2019s Coffee House Dienstag\u2026","date":"1. Dezember 2017","format":false,"excerpt":"Mr. Baker\u2019s Coffee House Dienstag bis Freitag 8:30 - 17:00 Uhr Samstag 10:00 - 17:00 Uhr Montag\/ Sonntag geschlossen Ein franz\u00f6sisches Caf\u00e9 in Haidhausen Hausgemachte, frisch gebackene Kuchen - \u00a0Franz\u00f6sische Croissants - Fr\u00fchst\u00fccke, Brunch - Grilltoasts, Trammezzini - hausgemachte Quiche - ... Kaffee (Direct Trade) - Tee - frisch gepresste\u2026","rel":"","context":"\u00c4hnlicher Beitrag","img":{"alt_text":"","src":"https:\/\/i2.wp.com\/www.mrbakers.de\/wp-content\/uploads\/2020\/09\/coffee.png?fit=1200%2C798&ssl=1&resize=350%2C200","width":350,"height":200},"classes":[]}],"_links":{"self":[{"href":"https:\/\/www.mrbakers.de\/index.php?rest_route=\/wp\/v2\/pages\/27"}],"collection":[{"href":"https:\/\/www.mrbakers.de\/index.php?rest_route=\/wp\/v2\/pages"}],"about":[{"href":"https:\/\/www.mrbakers.de\/index.php?rest_route=\/wp\/v2\/types\/page"}],"author":[{"embeddable":true,"href":"https:\/\/www.mrbakers.de\/index.php?rest_route=\/wp\/v2\/users\/1"}],"replies":[{"embeddable":true,"href":"https:\/\/www.mrbakers.de\/index.php?rest_route=%2Fwp%2Fv2%2Fcomments&post=27"}],"version-history":[{"count":19,"href":"https:\/\/www.mrbakers.de\/index.php?rest_route=\/wp\/v2\/pages\/27\/revisions"}],"predecessor-version":[{"id":1660,"href":"https:\/\/www.mrbakers.de\/index.php?rest_route=\/wp\/v2\/pages\/27\/revisions\/1660"}],"wp:featuredmedia":[{"embeddable":true,"href":"https:\/\/www.mrbakers.de\/index.php?rest_route=\/wp\/v2\/media\/92"}],"wp:attachment":[{"href":"https:\/\/www.mrbakers.de\/index.php?rest_route=%2Fwp%2Fv2%2Fmedia&parent=27"}],"curies":[{"name":"wp","href":"https:\/\/api.w.org\/{rel}","templated":true}]}}